{"id":2,"date":"2016-05-10T03:48:21","date_gmt":"2016-05-10T03:48:21","guid":{"rendered":"http:\/\/physiohatten.de\/?page_id=2"},"modified":"2022-03-14T08:10:21","modified_gmt":"2022-03-14T08:10:21","slug":"sample-page","status":"publish","type":"page","link":"https:\/\/physiohatten.de\/","title":{"rendered":"Physiotherapie in Hatten"},"content":{"rendered":"\n<p style=\"font-size:26px\"><br><\/p>\n\n\n<p>In unserer Praxis stellen wir Ihnen ein kompetentes und freundliches Team zur Seite, welches Ihnen eine moderne und qualitativ hochwertige Physiotherapie bietet.<\/p>\n<p><b>\u201cEs reicht nicht aus das Falsche zu vermeiden, es gilt, das&nbsp;<\/b><b style=\"font-size: 1rem;\">Grundlegende richtig zu machen!\u201d<\/b><\/p>\n<p>Wir legen Wert auf individuelle und freundliche Betreuung und nehmen uns Zeit, um Sie gut zu beraten und zu therapieren.<\/p>\n<p>Regelm\u00e4\u00dfig werden von uns Fachfortbildungen besucht, um stets auf dem neuesten Stand der Wissenschaft zu sein.<\/p>\n<p>Ganzheitlicher Therapieansatz: Wir behandeln nicht nur Ihre Diagnose, sondern Sie! Respekt, Achtsamkeit, Offenheit und die Bereitschaft, hinzuh\u00f6ren, sind das Fundament f\u00fcr unsere Arbeit.<\/p>\n<p>Teamarbeit wird hier praktiziert: Wir verstehen und m\u00f6gen uns, daher kommunizieren wir miteinander \u2013 in Ihrem Interesse. Sollten Sie von mehr als einem Therapeuten betreut werden, so profitieren Sie von unserem unterschiedlichen Fachwissen, das sich hervorragend erg\u00e4nzt.<\/p>\n<p>Wir bieten Ihnen die M\u00f6glichkeit alle Krankheitsbilder der Physiotherapie auch ohne \u00e4rztliche Verordnung behandeln zu lassen. Durch die Zusatzqualifikation Heilpraktiker (beschr\u00e4nkt auf Physiotherapie ) k\u00f6nnen wir Ihre individuellen W\u00fcnsche ber\u00fccksichtigen. Die\u201c Manuelle Therapie\u201c ist Schwerpunkt unserer T\u00e4tigkeit.<\/p>\n\n\n<p><\/p>\n","protected":false},"excerpt":{"rendered":"<p>In unserer Praxis stellen wir Ihnen ein kompetentes und freundliches Team zur Seite, welches Ihnen eine moderne und qualitativ hochwertige Physiotherapie bietet. \u201cEs reicht nicht aus das Falsche zu vermeiden, es gilt, das&nbsp;Grundlegende richtig zu machen!\u201d Wir legen Wert auf individuelle und freundliche Betreuung und nehmen uns Zeit, um Sie gut zu beraten und zu &hellip;<\/p>\n<p class=\"read-more\"> <a class=\"\" href=\"https:\/\/physiohatten.de\/\"> <span class=\"screen-reader-text\">Physiotherapie in Hatten<\/span> Weiterlesen &raquo;<\/a><\/p>\n","protected":false},"author":1,"featured_media":0,"parent":0,"menu_order":0,"comment_status":"closed","ping_status":"open","template":"","meta":{"footnotes":""},"class_list":["post-2","page","type-page","status-publish","hentry"],"_links":{"self":[{"href":"https:\/\/physiohatten.de\/index.php?rest_route=\/wp\/v2\/pages\/2","targetHints":{"allow":["GET"]}}],"collection":[{"href":"https:\/\/physiohatten.de\/index.php?rest_route=\/wp\/v2\/pages"}],"about":[{"href":"https:\/\/physiohatten.de\/index.php?rest_route=\/wp\/v2\/types\/page"}],"author":[{"embeddable":true,"href":"https:\/\/physiohatten.de\/index.php?rest_route=\/wp\/v2\/users\/1"}],"replies":[{"embeddable":true,"href":"https:\/\/physiohatten.de\/index.php?rest_route=%2Fwp%2Fv2%2Fcomments&post=2"}],"version-history":[{"count":26,"href":"https:\/\/physiohatten.de\/index.php?rest_route=\/wp\/v2\/pages\/2\/revisions"}],"predecessor-version":[{"id":182,"href":"https:\/\/physiohatten.de\/index.php?rest_route=\/wp\/v2\/pages\/2\/revisions\/182"}],"wp:attachment":[{"href":"https:\/\/physiohatten.de\/index.php?rest_route=%2Fwp%2Fv2%2Fmedia&parent=2"}],"curies":[{"name":"wp","href":"https:\/\/api.w.org\/{rel}","templated":true}]}}